highest common divisor of 68 and 2363.
17
What is the highest common divisor of 12 and 8328?
12
Calculate the highest common divisor of 17 and 18071.
17
Calculate the highest common divisor of 41 and 123.
41
What is the highest common factor of 1367 and 1?
1
What is the highest common divisor of 26 and 6370?
26
Calculate the highest common factor of 459 and 34.
17
Calculate the highest common divisor of 1738 and 88.
22
What is the greatest common divisor of 119 and 85?
17
Calculate the greatest common divisor of 297 and 351.
27
What is the highest common divisor of 100 and 940?
20
Calculate the highest common factor of 1727 and 11.
11
What is the greatest common divisor of 168 and 1608?
24
Calculate the highest common divisor of 684 and 380.
76
What is the highest common divisor of 42 and 3213?
21
What is the highest common factor of 6 and 110?
2
Calculate the highest common factor of 56 and 350.
14
What is the greatest common factor of 20 and 7810?
10
What is the greatest common factor of 23115 and 15?
15
What is the highest common divisor of 32 and 544?
32
Calculate the greatest common factor of 2204 and 580.
116
What is the highest common divisor of 99 and 1364?
11
What is the highest common factor of 11 and 3?
1
Calculate the greatest common factor of 11 and 5.
1
What is the highest common factor of 9 and 48339?
9
Calculate the highest common factor of 2065 and 105.
35
Calculate the greatest common divisor of 36 and 45.
9
What is the greatest common factor of 8974 and 14?
14
Calculate the highest common factor of 221 and 17.
17
What is the greatest common divisor of 147 and 49?
49
What is the greatest common factor of 627 and 114?
57
What is the greatest common divisor of 22 and 18?
2
What is the highest common divisor of 5200 and 160?
80
Calculate the greatest common divisor of 518 and 224.
14
Calculate the greatest common divisor of 22 and 58.
2
Calculate the greatest common divisor of 2079 and 154.
77
Calculate the greatest common factor of 133 and 741.
19
Calculate the greatest common divisor of 2475 and 55.
55
What is the highest common divisor of 25 and 225?
25
Calculate the highest common factor of 360 and 408.
24
What is the greatest common factor of 812 and 29?
29
Calculate the greatest common factor of 637 and 196.
49
What is the highest common factor of 1750 and 210?
70
Calculate the highest common divisor of 39 and 930.
3
Calculate the greatest common factor of 27 and 531.
9
What is the greatest common divisor of 1450 and 150?
50
Calculate the greatest common divisor of 549 and 2684.
61
What is the greatest common divisor of 15 and 12?
3
What is the greatest common factor of 387 and 36?
9
Calculate the greatest common divisor of 16 and 464.
16
What is the greatest common divisor of 810 and 36?
18
Calculate the greatest common divisor of 27 and 11358.
9
Calculate the greatest common factor of 4279 and 22.
11
Calculate the greatest common factor of 150 and 309.
3
What is the highest common divisor of 15 and 33?
3
Calculate the highest common divisor of 558 and 1736.
62
What is the greatest common factor of 12 and 26148?
12
Calculate the highest common divisor of 1457 and 94.
47
Calculate the highest common divisor of 610 and 2562.
122
What is the highest common divisor of 375 and 2125?
125
What is the greatest common factor of 713 and 299?
23
What is the greatest common factor of 60 and 320?
20
What is the highest common divisor of 707 and 303?
101
What is the greatest common factor of 3 and 1930?
1
What is the greatest common divisor of 84 and 60?
12
Calculate the highest common divisor of 75 and 150.
75
What is the greatest common divisor of 864 and 22?
2
Calculate the highest common divisor of 568 and 71.
71
What is the greatest common factor of 24935 and 10?
5
What is the greatest common divisor of 300 and 50?
50
What is the highest common divisor of 444 and 12?
12
What is the greatest common factor of 391 and 46?
23
Calculate the greatest common factor of 37 and 148.
37
Calculate the highest common divisor of 28 and 140.
28
What is the greatest common factor of 12 and 3?
3
Calculate the greatest common divisor of 1102 and 114.
38
What is the highest common divisor of 65 and 156?
13
What is the highest common divisor of 75 and 573?
3
Calculate the highest common factor of 122 and 9882.
122
What is the highest common divisor of 693 and 616?
77
What is the highest common factor of 195 and 75?
15
Calculate the greatest common factor of 184 and 64.
8
What is the greatest common factor of 31 and 961?
31
What is the highest common factor of 59 and 2183?
59
What is the highest common divisor of 1166 and 1364?
22
Calculate the greatest common factor of 44 and 28.
4
What is the highest common divisor of 38 and 1805?
19
What is the highest common divisor of 1805 and 8664?
361
What is the highest common factor of 13 and 221?
13
Calculate the highest common factor of 80 and 860.
20
Calculate the greatest common factor of 1440 and 1395.
45
Calculate the highest common divisor of 1470 and 196.
98
Calculate the highest common factor of 54 and 3654.
18
What is the highest common divisor of 72 and 5496?
24
What is the highest common divisor of 7 and 189?
7
Calculate the highest common divisor of 3 and 51.
3
What is the highest common factor of 16 and 8672?
16
Calculate the greatest common factor of 100 and 20.
20
What is the highest common divisor of 942 and 6?
6
Calculate the highest common factor of 146 and 4.
2
Calculate the highest common divisor of 92 and 2162.
46
What is the greatest common divisor of 5017 and 58?
29
Calculate the highest common factor of 2738 and 37.
37
What is the greatest common factor of 1842 and 6?
6
Calculate the highest common factor of 488 and 8.
8
What is the greatest common divisor of 51 and 136?
17
Calculate the highest common divisor of 36 and 684.
36
What is the highest common divisor of 552 and 72?
24
What is the greatest common factor of 189 and 6?
3
Calculate the greatest common divisor of 5513 and 1341.
149
What is the greatest common divisor of 16 and 18352?
16
Calculate the greatest common factor of 860 and 160.
20
Calculate the highest common divisor of 16 and 16.
16
What is the highest common divisor of 4704 and 16?
16
What is the greatest common divisor of 60 and 13320?
60
What is the greatest common divisor of 24094 and 14?
14
What is the highest common factor of 45 and 585?
45
What is the highest common divisor of 915 and 122?
61
What is the highest common factor of 480 and 180?
60
Calculate the highest common divisor of 2033 and 304.
19
Calculate the highest common factor of 28230 and 30.
30
Calculate the highest common divisor of 5245 and 5.
5
Calculate the greatest common divisor of 100 and 132.
4
Calculate the highest common divisor of 156 and 169.
13
Calculate the greatest common factor of 45 and 765.
45
What is the greatest common factor of 56 and 3576?
8
Calculate the highest common divisor of 2 and 1862.
2
Calculate the greatest common divisor of 3074 and 212.
106
What is the greatest common divisor of 90 and 1746?
18
What is the highest common divisor of 8060 and 31?
31
What is the greatest common divisor of 216 and 8?
8
Calculate the greatest common factor of 827 and 2.
1
Calculate the greatest common factor of 243 and 81.
81
Calculate the highest common factor of 134 and 1206.
134
Calculate the greatest common factor of 129 and 42140.
43
What is the highest common factor of 957 and 174?
87
What is the greatest common factor of 16 and 304?
16
What is the greatest common divisor of 130 and 370?
10
What is the highest common divisor of 14 and 1138?
2
Calculate the greatest common divisor of 137 and 1.
1
What is the highest common divisor of 980 and 60?
20
What is the highest common factor of 142 and 10508?
142
Calculate the highest common divisor of 4 and 1132.
4
What is the highest common divisor of 210 and 336?
42
What is the greatest common divisor of 14 and 112?
14
What is the greatest common factor of 126 and 14?
14
What is the highest common factor of 77 and 2?
1
What is the greatest common factor of 114 and 19?
19
What is the greatest common factor of 10 and 11545?
5
What is the highest common divisor of 34 and 833?
17
Calculate the highest common divisor of 368 and 69.
23
Wha